e 9, what is 0 - 674?
-674
In base 4, what is 1133 - -2?
1201
In base 14, what is 3 + 86?
89
In base 9, what is -224 - 4?
-228
In base 3, what is 2 - -101?
110
In base 2, what is -101001100010 - 11?
-101001100101
In base 4, what is -330 - 10?
-1000
In base 3, what is -211110 + 2?
-211101
In base 6, what is -3012 + -22?
-3034
In base 7, what is -5 - 12431?
-12436
In base 10, what is -5 - -48?
43
In base 6, what is -3 - -15?
12
In base 10, what is 61 + 20?
81
In base 12, what is -1a + 10?
-a
In base 13, what is -7539 + 0?
-7539
In base 7, what is 3 + -40?
-34
In base 6, what is -2 - -104?
102
In base 12, what is -2b + 1?
-2a
In base 12, what is -129 - 2?
-12b
In base 13, what is 3 - 878?
-875
In base 12, what is 4 + 152?
156
In base 13, what is -27c - 8?
-287
In base 5, what is 3 + -111?
-103
In base 6, what is -2 + -143?
-145
In base 12, what is a + 6?
14
In base 2, what is -11 - -11111101100?
11111101001
In base 7, what is 5 - -6320?
6325
In base 4, what is 231122 + 3?
231131
In base 5, what is 132 - 341?
-204
In base 13, what is -4 - 2?
-6
In base 3, what is 12 - -2200?
2212
In base 8, what is -130 - -10?
-120
In base 15, what is 3c7 - 5?
3c2
In base 16, what is 225d + 0?
225d
In base 8, what is 2220 + 1?
2221
In base 5, what is 33304 + 2?
33311
In base 3, what is -2100 - 20?
-2120
In base 16, what is 20 - 6?
1a
In base 15, what is -4a + -3d?
-88
In base 16, what is -14e + 2?
-14c
In base 4, what is -1310 - 2?
-1312
In base 15, what is 80 + 7?
87
In base 13, what is 19 - -7?
23
In base 9, what is -35 - 11?
-46
In base 7, what is -25 + -401?
-426
In base 5, what is 0 + 34?
34
In base 11, what is -3 - 192?
-195
In base 16, what is cc - -e?
da
In base 3, what is 2101021 + 2?
2101100
In base 9, what is -2 - -122?
120
In base 4, what is 10 + -121031?
-121021
In base 15, what is -2 - -d8?
d6
In base 13, what is 297 - 0?
297
In base 4, what is -21 - 112202?
-112223
In base 6, what is -11 - -225?
214
In base 13, what is 7 - -14?
1b
In base 4, what is 122100 + 1?
122101
In base 4, what is 1020 + -1020?
0
In base 13, what is -1 + 38?
37
In base 8, what is -5 - -71?
64
In base 14, what is 1dc7 - 0?
1dc7
In base 4, what is -1212 - 1?
-1213
In base 16, what is -3 - 3f?
-42
In base 7, what is 161 + 1?
162
In base 15, what is 1 - -110?
111
In base 13, what is 0 + 637?
637
In base 8, what is 3156 - -3?
3161
In base 9, what is -2 - 3523?
-3525
In base 10, what is -197 - -2?
-195
In base 10, what is 3 - -82?
85
In base 6, what is 22242 - -3?
22245
In base 6, what is -20 + 35?
15
In base 10, what is 7 - -36?
43
In base 4, what is -11 - 212310?
-212321
In base 13, what is -49 - -12?
-37
In base 4, what is -1112 - 3?
-1121
In base 9, what is 3 - -116?
120
In base 10, what is -16 + -3?
-19
In base 10, what is -1 - -52?
51
In base 14, what is -3 + -3dc?
-401
In base 11, what is -172 + -3?
-175
In base 6, what is 4235 + 4?
4243
In base 13, what is 6 - 243?
-23a
In base 4, what is 33001 - 12?
32323
In base 2, what is -101 - -100001011001?
100001010100
In base 9, what is 3 - 34?
-31
In base 13, what is -53 - -1?
-52
In base 10, what is -1135 - 20?
-1155
In base 4, what is -20 + 1232?
1212
In base 7, what is 1 - 235?
-234
In base 16, what is -22 + -1f?
-41
In base 16, what is -a + 0?
-a
In base 16, what is 5 + 7ee?
7f3
In base 8, what is 1 + -10?
-7
In base 14, what is 0 + 8?
8
In base 16, what is 37 - -3?
3a
In base 16, what is -b + 75c?
751
In base 14, what is 10 + -32?
-22
In base 2, what is 10001110101001 + -1?
10001110101000
In base 4, what is 3 - 30200?
-30131
In base 7, what is -113 + -22?
-135
In base 3, what is -20 + -112?
-202
In base 16, what is 3 - -1?
4
In base 8, what is -20 + -104?
-124
In base 8, what is -221 + -14?
-235
In base 4, what is 1221 - 2112?
-231
In base 14, what is a - 27?
-1b
In base 8, what is -76060 - 2?
-76062
In base 3, what is 1122110 - 0?
1122110
In base 14, what is -3 + 16?
13
In base 4, what is -3 - 230?
-233
In base 7, what is 62 + 34?
126
In base 9, what is 44 - 56?
-12
In base 12, what is -5 - -b3b?
b36
In base 12, what is 5 - -20?
25
In base 11, what is 51 - -1?
52
In base 11, what is 0 + 46?
46
In base 2, what is -1101011110 - 1010?
-1101101000
In base 14, what is -74 - 2?
-76
In base 11, what is 0 + -249?
-249
In base 8, what is 406 + -4?
402
In base 5, what is -312 + -2?
-314
In base 8, what is -1 + -5?
-6
In base 13, what is c1 - -22?
113
In base 2, what is 100011110 - 100?
100011010
In base 9, what is 1 - 1475?
-1474
In base 11, what is -62 - 1?
-63
In base 13, what is 10a - -5?
112
In base 13, what is 141 + -2?
13c
In base 4, what is -331213 + -11?
-331230
In base 7, what is -4 - 11210?
-11214
In base 7, what is -6 - 445?
-454
In base 14, what is 2d - 1?
2c
In base 16, what is -5 - -2?
-3
In base 6, what is -4 + -134?
-142
In base 16, what is ce - 0?
ce
In base 15, what is -1d - 4?
-22
In base 9, what is -5 - 53?
-58
In base 3, what is -2 - 2122021?
-2122100
In base 11, what is -441 + -6?
-447
In base 15, what is -44 - 3?
-47
In base 9, what is 77 - -3?
81
In base 14, what is 30 + 3?
33
In base 3, what is 12 + -2021002?
-2020220
In base 4, what is 2 - 1313?
-1311
In base 8, what is 73 - 14?
57
In base 13, what is 13 + -8?
8
In base 16, what is -b - -f?
4
In base 9, what is 1306 + 4?
1311
In base 3, what is 201 - 11002?
-10101
In base 6, what is 4403 + -3?
4400
In base 3, what is 200 - -1?
201
In base 3, what is -222 - 12121?
-20120
In base 4, what is 0 + 221023?
221023
In base 15, what is -1 - -76?
75
In base 14, what is 2 + 141?
143
In base 15, what is 6 - 283?
-27c
In base 10, what is -18 - 491?
-509
In base 16, what is 3 - e1?
-de
In base 7, what is 3 + 225?
231
In base 8, what is -142 - -3?
-137
In base 15, what is -9e + -1?
-a0
In base 2, what is 11 + -100000?
-11101
In base 2, what is -100100 - -1110?
-10110
In base 11, what is -a - 0?
-a
In base 3, what is -122012211 - 2?
-122012220
In base 7, what is 2 - 55?
-53
In base 16, what is 81e - 5?
819
In base 13, what is 2c6 - -5?
2cb
In base 13, what is -169 - -5?
-164
In base 7, what is 2016 - 3?
2013
In base 10, what is 5 + -2?
3
In base 13, what is -101 - -3?
-cb
In base 11, what is 2 + -2981?
-297a
In base 8, what is 116 + -22?
74
In base 16, what is -5 - 77?
-7c
In base 11, what is 0 + 110?
110
In base 16, what is 2 + 15?
17
In base 3, what is 2220 - 1?
2212
In base 10, what is -127 - 2?
-129
In base 9, what is 15 - -175?
201
In base 4, what is -2 - -13?
11
In base 7, what is -2 + 233?
231
In base 2, what is -110 + 11110?
11000
In base 11, what is -199 - 3?
-1a1
In base 5, what is 14 - -3344?
3413
In base 12, what is 1071 + -17?
1056
In base 8, what is 3 - -437?
442
In base 4, what is -2030 - -1123?
-301
In base 8, what is 46 - 751?
-703
In base 10, what is 4 + -129?
-125
In base 7, what is -3216 - 5?
-3224
In base 3, what is -1212 + 1011?
-201
In base 3, what is 2 - -1210?
1212
In base 10, what is -758 - 1?
-759
In base 7, what is 0 - 200?
-200
In base 11, what is 6 + 18?
23
In base 9, what is -147 - -14?
-133
In base 4, what is -3 - 1031?
-1100
In base 10, what is -4 + -4?
-8
In base 13, what is -66 + -3a?
-a3
In base 15, what is -149 + -11?
-15a
In base 12, what is 25 + -95?
-70
In base 6, what is 2 + 1052?
1054
In base 3, what is 1012000 - -201?
1012201
In base 12, what is 0 + -25?
-25
In base 16, what is -6 - 8?
-e
In base 12, what is -1 - -131?
130
In base 9, what is -64 + -10?
-74
In base 3, what is -22 - -20111221?
20111122
In base 6, what is 444 + -111?
333
In base 13, what is -11b - -52?
-99
In base 12, what is 95b + -2?
959
In base 10, what is 23 - -7?
30
In base 13, what is -2 - -10?
b
In base 14, what is 7 - 2?
5
In base 16, what is 3 + 51d?
520
In base 5, what is -1001 + -20?
-1021
In base 7, what is 6065 + -1?
6064
In base 8, what is 120 + -1?
117
In base 8, what is -4562 + -2?
-4564
In base 2, what is 1011001 + -1?
1011000
In base 3, what is 10 - -22210?
22220
In base 10, what is -2053 - 2?
-2055
In base 3, what is 11 - 2221?
-2210
In base 9, what is 2512 + 2?
2514
In base 11, what is 28 - 7?
21
In base 6, what is -215 - 120?
-335
In base 11, what is 4 - -587?
590
In base 14, what is 5 - -19a?
1a1
In base 12, what is -256 + 10?
-246
In base 15, what is -6 + -1?
-7
In base 11, what is 96 + 0?
96
In base 14, what is -a7 - 1?
-a8
In base 14, what i